201440013
What is -2030134 (base 5) in base 3?
-1200111111
Convert 37c23 (base 13) to base 16.
192cf
What is -3002133031 (base 4) in base 6?
-25024021
What is 110000000111011111 (base 2) in base 15?
3d5e2
Convert 40470 (base 12) to base 16.
14694
Convert 122203330231 (base 4) to base 14.
cd3765
-2c57 (base 14) to base 10
-7917
Convert 1032262 (base 11) to base 6.
102550440
What is -45267c (base 13) in base 16?
-18ecd0
Convert -8ac45 (base 16) to base 2.
-10001010110001000101
Convert -12121cc (base 14) to base 7.
-133343045
1331231023 (base 4) to base 15
a2861
What is -c550 (base 15) in base 3?
-2010012110
-31211033 (base 4) to base 16
-d94f
What is -1101001001001001000110 (base 2) in base 11?
-1a43578
Convert 134334324 (base 5) to base 13.
1b6414
3c0c4 (base 16) to base 14
658c4
Convert -10643 (base 15) to base 5.
-3131123
What is de23 (base 16) in base 11?
397a8
What is 303a5 (base 15) in base 9?
252422
-1734252 (base 14) to base 13
-249b5ab
What is -3313039 (base 10) in base 5?
-1322004124
What is -3371c6 (base 15) in base 6?
-124333140
Convert -24295 (base 13) to base 11.
-45957
Convert -124b1 (base 12) to base 3.
-1021011021
What is 3112247 (base 9) in base 7?
20060206
Convert 7a4d3 (base 15) to base 2.
1011111000001100111
Convert -1018784 (base 9) to base 10.
-544477
Convert -1421 (base 16) to base 15.
-17d8
Convert -3039308 (base 10) to base 8.
-13460114
Convert -20102010222012 (base 3) to base 5.
-1333024203
Convert -420144200 (base 5) to base 2.
-110100101000111111101
Convert 1001111000010011 (base 2) to base 14.
10a67
17370834 (base 9) to base 7
134114410
Convert -12100211012 (base 3) to base 15.
-21435
What is -1226153 (base 7) in base 4?
-212220002
-4bb844 (base 14) to base 4
-21330021310
What is -171ba (base 14) in base 8?
-161200
Convert -15153611 (base 7) to base 11.
-8a5387
-10201222012100 (base 3) to base 5
-1002044043
-24c9b (base 14) to base 16
-160b9
18341503 (base 9) to base 15
c27750
-1398d1 (base 14) to base 13
-1aa3a9
What is -100200121112 (base 3) in base 6?
-4030535
4434a9 (base 15) to base 6
153403440
Convert 50704 (base 14) to base 9.
324331
Convert -212233 (base 8) to base 11.
-49224
-11145213 (base 6) to base 5
-41400323
Convert 149663 (base 14) to base 8.
2571207
What is 10110011101001001101011 (base 2) in base 3?
102002001212011
What is 2220202011110 (base 3) in base 4?
11322122112
798840 (base 10) to base 16
c3078
Convert 206c1 (base 14) to base 6.
1401533
Convert 10000101100111010100 (base 2) to base 5.
120003114
1614a (base 15) to base 13
26518
Convert -7aa518 (base 13) to base 16.
-2c5d69
Convert 208a3 (base 13) to base 10.
58607
b28ab (base 14) to base 12
188873
What is 2029c2 (base 14) in base 4?
10020122332
-756537 (base 8) to base 6
-5232331
-11120211130 (base 4) to base 8
-5304534
Convert -24510413 (base 6) to base 7.
-6454644
Convert 11177a (base 12) to base 10.
272398
Convert -5464346 (base 8) to base 12.
-5a9ab2
What is 112033203 (base 5) in base 2?
1111010101000011111
5846974 (base 10) to base 12
1b5b7ba
2c364e (base 16) to base 8
13033116
What is 1449928 (base 11) in base 15?
342037
What is -18844 (base 10) in base 3?
-221211221
What is 267540 (base 14) in base 6?
44232404
51cc65 (base 16) to base 7
63364661
Convert 2960a2 (base 11) to base 9.
773628
What is -342244 (base 6) in base 5?
-1412134
What is -11221065 (base 7) in base 5?
-222324443
Convert -266168 (base 9) to base 11.
-100776
-23064222 (base 8) to base 5
-2240220011
Convert 2344215 (base 10) to base 9.
4362583
66a083 (base 12) to base 11
a17270
What is -159456 (base 11) in base 4?
-330033330
140118 (base 9) to base 8
246617
What is 1464467 (base 10) in base 3?
2202101212112
What is -1123112212 (base 4) in base 6?
-12004154
13848 (base 16) to base 2
10011100001001000
Convert 20063103 (base 9) to base 16.
929997
-21231455 (base 7) to base 11
-1023a78
Convert -20033122123 (base 4) to base 12.
-8821b7
Convert c46154 (base 15) to base 16.
8e7302
What is 7280399 (base 10) in base 8?
33613417
-83061 (base 12) to base 16
-29c89
Convert 342a605 (base 11) to base 10.
6002210
-2db2b (base 15) to base 9
-244465
-1c0b707 (base 13) to base 2
-100011100000011000100010
What is -120221121102002 (base 3) in base 4?
-200111100011
Convert -16b7c6 (base 13) to base 10.
-568171
What is -679179 (base 12) in base 3?
-10010000202210
976403 (base 10) to base 2
11101110011000010011
What is 66106 (base 8) in base 12?
1405a
What is -124300102 (base 5) in base 3?
-1011102210200
Convert -7464681 (base 11) to base 16.
-c87cac
What is -1bcd48 (base 16) in base 4?
-12330311020
What is b1aba (base 12) in base 7?
1652440
-32115031 (base 6) to base 14
-1a7a9d
What is 4095a (base 13) in base 9?
185811
2650571 (base 11) to base 4
101132332110
Convert -50212 (base 9) to base 6.
-412402
What is -4184325 (base 10) in base 8?
-17754405
34a7780 (base 11) to base 15
80c034
Convert -51232053 (base 6) to base 10.
-1466241
14203331 (base 6) to base 8
1657107
-192a86 (base 12) to base 9
-741163
Convert -a6e76e (base 16) to base 8.
-51563556
Convert 266564 (base 7) to base 8.
142301
What is -51301311 (base 7) in base 6?
-231511523
Convert 108a3 (base 16) to base 4.
100202203
Convert -103002203 (base 4) to base 10.
-77987
Convert -1001100001101010 (base 2) to base 13.
-149b5
What is 1001211031 (base 4) in base 7?
2166103
210708 (base 10) to base 15
42673
What is 131010155 (base 7) in base 5?
4114334234
Convert 11120222001100 (base 3) to base 8.
11235477
Convert 33453 (base 11) to base 2.
1011110101001010
-14b8e9 (base 15) to base 6
-33242203
What is -23666720 (base 9) in base 15?
-1034cc0
What is 1024215425 (base 6) in base 11?
6135a6a
Convert 25311402 (base 8) to base 13.
1214877
30312244 (base 6) to base 10
864964
Convert 21761 (base 14) to base 5.
10043113
Convert 114100453 (base 6) to base 16.
20de91
-10010001100111100001100 (base 2) to base 16
-48cf0c
What is 341133252 (base 6) in base 16?
5edfc0
What is -3010334402 (base 5) in base 13?
-1303c36
16a02 (base 13) to base 2
1010100110101011
Convert -2987 (base 16) to base 12.
-619b
Convert -3001022322 (base 4) to base 2.
-11000001001010111010
-243122 (base 6) to base 10
-21434
Convert 30233243 (base 5) to base 2.
111011010100000100
What is -10657640 (base 8) in base 5?
-1043140430
Convert 729831 (base 10) to base 11.
459373
What is 139385 (base 13) in base 12?
1b0305
-24554551 (base 7) to base 12
-8aa067
10002100310 (base 4) to base 11
662857
What is 290219 (base 10) in base 11?
189056
394b2 (base 15) to base 8
546025
11413434343 (base 5) to base 10
13421223
Convert -422405045 (base 6) to base 16.
-70f955
What is -455598 (base 13) in base 10?
-1639932
Convert 12311311113 (base 4) to base 7.
21146322
-316054 (base 8) to base 10
-105516
Convert -11240434 (base 6) to base 9.
-578604
-100000101133 (base 4) to base 9
-7804031
Convert -21112220220 (base 3) to base 11.
-a1765
Convert -2555b66 (base 12) to base 7.
-116206404
-1542107 (base 10) to base 14
-2c1dc7
What is -350220 (base 7) in base 14?
-18b10
Convert 100012001001 (base 3) to base 9.
305031
-252a10 (base 12) to base 5
-123400002
-2612ac (base 14) to base 11
-814883
-205683 (base 9) to base 6
-2342120
Convert 1013312322 (base 4) to base 7.
2334051
Convert -4300226 (base 7) to base 6.
-15100355
-332131515 (base 6) to base 2
-10110110100111100100111
-563985 (base 12) to base 8
-5175665
What is 4120101 (base 5) in base 3?
10101202211
10110000001000010 (base 2) to base 11
61830
What is 4039117 (base 11) in base 12?
2485325
606668 (base 9) to base 7
3024164
Convert 101111000011000100 (base 2) to base 4.
233003010
What is -1104010 (base 7) in base 6?
-2524511
Convert -10611 (base 11) to base 8.
-36023
Convert 5334573 (base 8) to base 16.
15b97b
What is -5650130 (base 8) in base 13?
-4165a6
-4d13d (base 14) to base 5
-22031322
Convert 144161203 (base 7) to base 4.
210132102022
10113242002 (base 5) to base 15
d83e6c
Convert 150896a (base 11) to base 16.
277fd5
Convert 3b49a1 (base 14) to base 6.
111525441
What is c360e (base 16) in base 6?
25052542
484e07 (base 15) to base 5
1341143112
-141bb2 (base 13) to base 8
-1674412
Convert 1020361 (base 7) to base 13.
43a8c
227584 (base 9) to base 2
100001011001100100
Convert -110013202133 (base 4) to base 10.
-5273759
26280 (base 14) to base 5
1